.
8
Let z(d) = 5*d + 8. Let v be z(8). Suppose 12*k - 36 = 6*k. What is the greatest common factor of k and v?
6
Let j(g) = g**2 - 10*g + 5. Let o = 9 + 0. Let c be j(o). Let a be 48/2*(-3)/c. What is the greatest common divisor of 72 and a?
18
Let c = 192 + -116. Calculate the highest common divisor of 38 and c.
38
Let y(t) = 175*t**3 - 3*t + 2. Let u be y(1). Calculate the greatest common divisor of 58 and u.
58
Let u = -21 + 11. Let b be (-3)/((-9)/u)*-3. What is the highest common divisor of b and 2?
2
Let m = 29 + -4. Let a = -14 + m. What is the greatest common divisor of 44 and a?
11
Suppose 2*q = -w - 2*q + 6, -q = 0. Suppose 204 = 8*j - w*j. Calculate the greatest common factor of j and 17.
17
Suppose -4*t + 5*t - 11 = -m, 2*m = t + 10. What is the highest common divisor of m and 49?
7
Suppose 4*q - 3*f = -q + 14, 30 = 5*q + 5*f. Let y(o) = 19*o - 2. Let s be y(2). Calculate the greatest common divisor of s and q.
4
Suppose -3*d = 5*n - 333, -6*d + 4*d + 200 = 3*n. Let o(f) = -f + 66. Let u be o(0). Suppose 0*q - 3*q + u = 0. What is the greatest common factor of n and q?
22
Let d be 3/(4/(28/3)). Let g = -4 + d. Suppose -2*o - 6 - 100 = -4*j, 4*j + 2*o = 110. Calculate the highest common factor of j and g.
3
Suppose p - 166 = -4*t, 0 = t + 4*p - 5*p - 44. Let a be (t/28)/((-6)/(-256)). What is the highest common factor of 16 and a?
16
Suppose -5*a + 13 = -22. What is the highest common factor of 63 and a?
7
Suppose 4*k - k = 15. Let i = k + -4. Let x be ((-1)/(-1))/(i/13). Calculate the greatest common factor of x and 117.
13
Let d be ((-10)/(-4))/(2/48). Let t(k) = 2*k**2 + 4*k + 6. Let g be t(-3). What is the greatest common factor of g and d?
12
Suppose -23 = -3*k + 22. Calculate the greatest common divisor of k and 6.
3
Suppose -2*d + 56 = -m, -4*d - 2*m + 7*m = -100. What is the highest common divisor of d and 15?
15
Let r = -1 + 361. Suppose 7*y = 2*y + r. What is the highest common divisor of y and 9?
9
Let w be 12 + -3 - (-2 + 5). Calculate the highest common factor of w and 9.
3
Let v(x) = x**3 - 7*x**2 - 8*x + 2. Let l be v(8). Calculate the highest common factor of 22 and l.
2
Let m be 91/2 - (-1)/(-2). What is the greatest common divisor of 30 and m?
15
Suppose -2*z + q + 13 = -21, 0 = 3*q + 6. Calculate the greatest common factor of z and 80.
16
Let a(d) = d**3 + 6*d**2 - 3*d + 8. Let z be a(-6). Let j(s) = 20*s + 14. Let l be j(11). What is the highest common factor of l and z?
26
Suppose q = -0*q + 2. Let h be 1/2*q*39. Let r be (-1 - h/(-9))*3. Calculate the highest common factor of 90 and r.
10
Suppose z = -0*z + 45. Let y = z - 29. What is the greatest common factor of y and 176?
16
Suppose 0 = -v - 18 + 93. Calculate the greatest common divisor of v and 45.
15
Suppose 0 = -a - 4*z + 103 + 124, -460 = -2*a - 2*z. Calculate the greatest common factor of a and 21.
21
Let q = 10 + 2. Suppose 2*f - 36 = -2*c, 7*c - 72 = 3*c + 5*f. Calculate the highest common divisor of c and q.
6
Let i be (22/2)/(9/81). What is the greatest common divisor of i and 11?
11
Suppose 4 = -2*y - 0*y + 4*p, 3*p = y + 6. Calculate the greatest common divisor of 9 and y.
3
Let y = 6 + -16. Let a(p) = -19*p - 6. Let z be a(y). Calculate the highest common divisor of 23 and z.
23
Suppose 5*n = -2*d + 93, d - 4*d + 153 = 3*n. What is the greatest common factor of d and 6?
6
Let x(c) = -c**3 - 3*c**2 - c + 2. Let z be x(-3). Suppose -3*b - 40 = -5*b. What is the greatest common divisor of z and b?
5
Let w = -15 + 24. Let n be (1 + -2)*-3*1. What is the highest common factor of w and n?
3
Let t(k) = -4*k**3 + k**2 + k + 7. Suppose 3*q + 3 = 2*q. Let f be t(q). What is the highest common divisor of f and 11?
11
Let n = -1 + 15. Let f be 4/(-10) - (-117)/5. Let y = f - n. Calculate the highest common factor of y and 81.
9
Let j = 1270 + -866. Suppose -5*q + 421 = -j. Calculate the highest common divisor of 15 and q.
15
Suppose 2 = -4*i + 10. Suppose 28 = -i*q + 3*q + 5*g, -4*q - 5*g = -37. Let j be 4/(q/12*2). What is the greatest common factor of 12 and j?
4
Let d be ((-4)/12 - -1)*18. Suppose -3*z + 36 = -0*z. What is the greatest common factor of d and z?
12
Suppose 4*c - 7 = r, 0 = -2*c + 2*r + 6 - 4. Let j = c - -16. What is the greatest common divisor of j and 126?
18
Suppose 0 = -3*a + 4*c + 36, a + 2*c + 1 = 3. What is the highest common factor of 20 and a?
4
Let p(n) = n**2 - 3*n + 1. Let z be (8/10)/((-1)/(-5)). Let j be p(z). Let y be -4*(170/(-4))/j. Calculate the greatest common factor of 51 and y.
17
Suppose 3*y = -0 - 9. Let c be ((-6)/(-4))/(y/(-16)). Let o = c - 1. Calculate the highest common divisor of o and 70.
7
Let b be 0/(-2 - 0) - -8. What is the highest common factor of b and 4?
4
Let q = 147 - 102. Calculate the greatest common factor of q and 60.
15
Suppose 0 = 6*i - 176 - 76. Calculate the greatest common divisor of i and 210.
42
Let v be (-78)/(-10) - (-2)/10. What is the greatest common divisor of v and 80?
8
Suppose -6*z = -107 - 163. What is the highest common divisor of z and 18?
9
Let o be ((-324)/(-5))/(-2)*-5. Let g = -50 - -68. What is the highest common factor of g and o?
18
Suppose -25 - 8 = 3*q. Let o be (-2 + -1)/(3/q). What is the highest common factor of o and 33?
11
Suppose -m + 8 = -2. Let x(l) = 2*l**2 + 3*l + 1. Let b be x(-2). Suppose -59 = -5*t + 4*u, -5 = -t + b*u - 2. Calculate the highest common divisor of m and t.
5
Suppose 4*q = s + 57, -5*q = -5*s - 76 + 16. Suppose 2*f - 18 = -4*r + 8, -5*r + 37 = 4*f. Calculate the highest common factor of r and q.
5
Suppose 4*d + 1079 = 5*j + 208, 4*d - 529 = -3*j. Suppose 4*s - j = -s. Calculate the highest common factor of s and 14.
7
Let d = 279 - 167. Calculate the highest common divisor of 14 and d.
14
Suppose 2*x - 92 = -s, -5*x + 79 = -4*s + 395. Suppose 4*p + 0*q = 4*q + s, 0 = -2*p + 4*q + 40. What is the greatest common divisor of 22 and p?
22
Let h be 2/(-5)*20/4. Let i be (h + -10)/(1/(-6)). Calculate the highest common divisor of i and 18.
18
Suppose -f + 4*v = f + 2, -4*v + 11 = f. Suppose 2*g = -p + 10, 4*p - 51 = -0*p + f*g. Calculate the highest common divisor of p and 96.
12
Let d be (-30)/(-8) + (-1)/(-4). What is the greatest common divisor of d and 8?
4
Suppose -2*m + 3 = m. Suppose -2*p = -3 - m. Let c(y) = -3*y - 1. Let f be c(-5). Calculate the highest common divisor of f and p.
2
Let f be (-3 - 30/(-9)) + 40/6. Calculate the highest common divisor of f and 49.
7
Let f be 2/(1/21*2). Let k(x) = 2*x**2 + 3*x + 1. Let q be k(3). Let s be (38/8 - -2)*q. Calculate the highest common divisor of s and f.
21
Suppose 3*n - 5*n = -3*h - 32, 3*h - 4*n + 34 = 0. Let i = h + 14. What is the highest common factor of 10 and i?
2
Suppose 3*w + 5*p - 140 = -2*w, 4*w - p - 117 = 0. Suppose 0 = -f - n + w, -4*n = -n - 12. What is the highest common factor of 10 and f?
5
Let f(r) = 3 + 0 - 2 + 11*r. Let w be f(-1). Let c be (-122)/w + (-2)/10. What is the highest common factor of c and 36?
12
Let v(t) = 5*t - 7. Let g be v(2). Calculate the highest common divisor of 3 and g.
3
Let r(h) = -h**2 - 6*h - 2. Let z be r(-4). Let w be (z/4)/((-6)/(-20)). Let l = w + 3. Calculate the greatest common factor of l and 20.
4
Suppose 0*g - 6*g + 168 = 0. What is the greatest common divisor of 126 and g?
14
Suppose 0 = 3*y - 2*q - 2, -5*y = -0*q - 4*q. Suppose 3 = y*u - 1. What is the highest common divisor of u and 8?
1
Let t = -40 + 46. Suppose 3*d - 6 = 2*d. Suppose -3*k = -3*p - 21, 2*k - 3 = 3*p + d. What is the highest common divisor of k and t?
6
Suppose -19 = -2*c + 25. Calculate the highest common factor of 220 and c.
22
Let c = -3 - -3. Suppose c = -y - u + 2, 9*y + 30 = 4*y + 5*u. Let o be -63*(y - 0 - -1). Calculate the greatest common divisor of 7 and o.
7
Let p = -1 + 1. Suppose -5*k + 20 = p, 3*k - 27 + 2 = -n. Calculate the highest common factor of n and 39.
13
Let m be (-4)/6 - (-1736)/21. What is the highest common divisor of m and 123?
41
Suppose x = 3*x - 4, 2*x - 16 = -3*p. Let b be (-1)/(-4) - (-19)/p. Suppose -b*k + v + 29 = -k, 3*v = 2*k - 7. What is the greatest common divisor of 72 and k?
8
Let i be ((-27)/12)/((-3)/8). Let l(b) = -7*b - 1. Let y be l(-1). Calculate the highest common factor of y and i.
6
Let u = -8 - -14. Let d(c) = c**2